at is the hundred millions digit of 2271513779?
2
What is the ten millions digit of 54030918?
5
What is the millions digit of 795723311?
5
What is the hundreds digit of 321639186?
1
What is the thousands digit of 508767228?
7
What is the ten millions digit of 1600898525?
0
What is the hundred thousands digit of 11489251?
4
What is the ten millions digit of 35355245?
3
What is the tens digit of 15743949?
4
What is the hundreds digit of 11987892?
8
What is the tens digit of 1932858136?
3
What is the hundred thousands digit of 445889035?
8
What is the millions digit of 347562127?
7
What is the hundreds digit of 3414117?
1
What is the hundred millions digit of 472510856?
4
What is the ten thousands digit of 4069758543?
5
What is the billions digit of 1003898255?
1
What is the ten millions digit of 23198671?
2
What is the units digit of 646360467?
7
What is the hundreds digit of 335694604?
6
What is the thousands digit of 522446?
2
What is the hundred millions digit of 136791388?
1
What is the tens digit of 71773591?
9
What is the tens digit of 6535778185?
8
What is the ten millions digit of 3671733193?
7
What is the thousands digit of 366842669?
2
What is the tens digit of 69824824?
2
What is the millions digit of 353793315?
3
What is the thousands digit of 71296438?
6
What is the thousands digit of 7049946370?
6
What is the ten millions digit of 4891412439?
9
What is the tens digit of 617038295?
9
What is the ten millions digit of 701516759?
0
What is the millions digit of 1098464307?
8
What is the hundred thousands digit of 495869201?
8
What is the hundred millions digit of 780681771?
7
What is the thousands digit of 357482157?
2
What is the hundred thousands digit of 326662209?
6
What is the tens digit of 43036471?
7
What is the units digit of 2602773278?
8
What is the thousands digit of 23621127?
1
What is the units digit of 24445298?
8
What is the ten thousands digit of 197825465?
2
What is the units digit of 59226510?
0
What is the units digit of 45262486?
6
What is the tens digit of 22086081?
8
What is the units digit of 45204681?
1
What is the millions digit of 549354733?
9
What is the units digit of 3288913229?
9
What is the hundred millions digit of 824294011?
8
What is the ten thousands digit of 87273581?
7
What is the ten thousands digit of 275237060?
3
What is the ten millions digit of 2807486627?
0
What is the thousands digit of 149021368?
1
What is the hundred millions digit of 643924277?
6
What is the hundred millions digit of 221648487?
2
What is the ten thousands digit of 2994114737?
1
What is the units digit of 38530770?
0
What is the hundred thousands digit of 378761836?
7
What is the hundreds digit of 2495901421?
4
What is the hundred millions digit of 498030777?
4
What is the units digit of 719075718?
8
What is the hundreds digit of 280409379?
3
What is the tens digit of 131947996?
9
What is the ten millions digit of 2376951068?
7
What is the ten millions digit of 289563449?
8
What is the hundred thousands digit of 151951063?
9
What is the thousands digit of 1077612183?
2
What is the billions digit of 4119863051?
4
What is the thousands digit of 25141565?
1
What is the ten millions digit of 425090402?
2
What is the units digit of 330909191?
1
What is the ten thousands digit of 88372395?
7
What is the hundreds digit of 1017038561?
5
What is the ten thousands digit of 301671636?
7
What is the hundreds digit of 1124809816?
8
What is the ten thousands digit of 1387562442?
6
What is the thousands digit of 173972220?
2
What is the millions digit of 198582891?
8
What is the billions digit of 1400513709?
1
What is the tens digit of 136534472?
7
What is the hundred thousands digit of 116337827?
3
What is the tens digit of 300429218?
1
What is the hundred thousands digit of 237186753?
1
What is the units digit of 3802750935?
5
What is the ten millions digit of 49891886?
4
What is the millions digit of 6002185663?
2
What is the ten thousands digit of 88251468?
5
What is the hundred thousands digit of 8803670?
8
What is the ten millions digit of 3522691004?
2
What is the hundred thousands digit of 4899616?
8
What is the ten thousands digit of 195505941?
0
What is the ten thousands digit of 8327660898?
6
What is the millions digit of 4859901941?
9
What is the hundred millions digit of 308363231?
3
What is the hundreds digit of 1268466110?
1
What is the billions digit of 1334617287?
1
What is the ten thousands digit of 2971756669?
5
What is the tens digit of 5180966?
6
What is the tens digit of 41150959?
5
What is the units digit of 371824604?
4
What is the hundred thousands digit of 1534888229?
8
What is the units digit of 14289902?
2
What is the millions digit of 24043070?
4
What is the hundred thousands digit of 166471941?
4
What is the hundred thousands digit of 1033587487?
5
What is the hundred millions digit of 197660358?
1
What is the units digit of 833362011?
1
What is the ten thousands digit of 676229080?
2
What is the hundred millions digit of 3558685054?
5
What is the hundreds digit of 278165789?
7
What is the tens digit of 17740996?
9
What is the hundred thousands digit of 1071174603?
1
What is the ten thousands digit of 4561577?
6
What is the millions digit of 260304831?
0
What is the ten millions digit of 696479369?
9
What is the billions digit of 2154100274?
2
What is the units digit of 755909540?
0
What is the hundreds digit of 1898338995?
9
What is the millions digit of 1579721147?
9
What is the hundred thousands digit of 6113099?
1
What is the millions digit of 32855755?
2
What is the units digit of 195422074?
4
What is the ten millions digit of 386794695?
8
What is the ten millions digit of 519942784?
1
What is the hundreds digit of 224221219?
2
What is the thousands digit of 353890895?
0
What is the hundred thousands digit of 427986288?
9
What is the hundred millions digit of 246707686?
2
What is the units digit of 1138752018?
8
What is the units digit of 57775733?
3
What is the units digit of 2725494074?
4
What is the units digit of 13862810?
0
What is the tens digit of 430299340?
4
What is the hundreds digit of 4882653270?
2
What is the ten thousands digit of 562039369?
3
What is the millions digit of 668576919?
8
What is the hundreds digit of 90822203?
2
What is the hundred millions digit of 229919300?
2
What is the thousands digit of 547615124?
5
What is the tens digit of 2569027294?
9
What is the tens digit of 1292288012?
1
What is the units digit of 1550259558?
8
What is the tens digit of 440721108?
0
What is the units digit of 548832416?
6
What is the units digit of 48329626?
6
What is the hundred thousands digit of 253956162?
9
What is the thousands digit of 156522112?
2
What is the thousands digit of 2224584424?
4
What is the hundreds digit of 2712117054?
0
What is the ten thousands digit of 16472201?
7
What is the hundreds digit of 88086853?
8
What is the thousands digit of 108953298?
3
What is the ten millions digit of 60936083?
6
What is the thousands digit of 7113233235?
3
What is the units digit of 373383866?
6
What is the hundreds digit of 30016633?
6
What is the ten thousands digit of 516763663?
6
What is the hundred millions digit of 349126453?
3
What is the units digit of 694625002?
2
What is the ten thousands digit of 392452464?
5
What is the ten millions digit of 93989802?
9
What is the billions digit of 1362824039?
1
What is the thousands digit of 7705221786?
1
What is the units digit of 45481316?
6
What is the millions digit of 514606638?
4
What is the units digit of 2587423?
3
What is the thousands digit of 1425637495?
7
What is the thousands digit of 23048142?
8
What is the thousands digit of 46974401?
4
What is the thousands digit of 7198556915?
6
What is the thousands digit of 886706493?
6
What is the hundred thousands digit of 3935529720?
5
What is the ten thousands digit of 76110608?
1
What is the thousands digit of 66951989?
1
What is the millions digit of 67753289?
7
What is the ten millions digit of 25698936?
2
What is the ten millions digit of 32184812?
3
What is the tens digit of 557068593?
9
What is the hundreds digit of 422532193?
1
What is the ten millions digit of 377016038?
7
What is the ten thousands digit of 172631315?
3
What is the ten thousands digit of 892643218?
4
What is